*(-42)/3. Let a(c) = n*q(c) - 4*j(c). Suppose -4*i - 21 = -s, 0 = 3*i + 5*s - 3*s + 24. What is a(i)?
5
Suppose -q - 4*a = -3*q + 22, 0 = q + 4*a - 23. Suppose 4*y = q + 5. Let r(m) = m**3 - 4*m**2 - 5*m + 4. Calculate r(y).
4
Let v(n) be the second derivative of n**5/20 - 3*n**4/4 - n**3/6 + 15*n**2/2 - 118*n - 2. Calculate v(9).
6
Let d(x) = 4*x**3 - 9*x**2 + 10*x - 5. Let t = 44 + -39. Let c(q) = -q**3 + q**2 - q + 1. Let b(a) = t*c(a) + d(a). What is b(-5)?
0
Let w = -86 + 81. Let x be (-17)/w + 32/(-80). Let p(j) = 3*j - 4. What is p(x)?
5
Let x be 228/120 - ((-117)/(-30) - 4). Let b(j) = 6*j**2 - 1. Determine b(x).
23
Let f(b) = -b**2 + 5*b + 1. Suppose -n = -5*j, 0*j + n - 8 = -3*j. Suppose 3*l + y = 5*l + j, 3 = -3*y. Let k = l + 7. What is f(k)?
-5
Let r(f) be the third derivative of -5*f**4/24 + f**3/6 - 71*f**2 - 2. Suppose 5 = -2*a - 3*a. Determine r(a).
6
Let r(c) be the third derivative of -2/3*c**3 + 0 - 6*c**2 - 1/12*c**4 + 0*c. Let o be r(-2). Let k(s) = -s - 12. Determine k(o).
-12
Let n(k) be the second derivative of -k**6/360 - k**5/120 - k**4/8 - 2*k**3/3 - 7*k. Let q(c) be the second derivative of n(c). Determine q(0).
-3
Let l(b) = -b + 7. Suppose -2*a + 15 = 7. Let i(o) = -o + 7. Let s(c) = a*l(c) - 5*i(c). Give s(9).
2
Let r(l) = -4 + 36*l + 40*l + 43*l - 120*l. Suppose 0 = -4*g - 20, 2*y - y - 2*g = 6. Calculate r(y).
0
Let j = -77 - -33. Let r = 48 + j. Let w(k) = k**3 - 5*k**2 + 5*k - 1. What is w(r)?
3
Let c = 233 + -327. Let g = 91 + c. Let p(b) = 0 - b**3 - b - 1 + b**2 - 4*b**2. Give p(g).
2
Let b(v) = -v + 7. Let t = -139 + 97. Let g = -48 - t. Determine b(g).
13
Let p(o) = -5*o**2 + 5*o + 15. Let a(l) = 23*l**2 - 18*l - 59. Let f(w) = -2*a(w) - 9*p(w). What is f(-6)?
1
Let m = -4 - 3. Let o be 12 - ((-3 - m) + -3). Let s = o + -5. Let w(r) = -2*r + 9. What is w(s)?
-3
Let j(s) be the third derivative of -s**6/120 + s**5/60 - s**3/6 + 2*s**2 + 36. Calculate j(-1).
1
Let y(j) = -9*j - 6. Let n be y(-2). Let p(v) = 0*v - 5*v + 8 - 25 + n + v**2. Let k be 1/(0 + 1/7). Determine p(k).
9
Suppose 5*x + 33 = -3*v, -25*v - 6 = -22*v - 4*x. Let n(d) = d**2 + 3*d - 23. Give n(v).
-5
Suppose -4*p - 4*k - 6 + 2 = 0, -3*k + 3 = 0. Let r(b) = 2*b + 28. Let w be r(4). Let i(s) = w*s**3 + s**2 + 4*s - 5*s - 2 - 35*s**3. Determine i(p).
-4
Let j(i) be the first derivative of -i**3/3 - 2*i**2 - 6*i - 84. Calculate j(-5).
-11
Suppose -13*g + 84 = -25*g. Let m(z) = -z**2 - 5*z + 6. What is m(g)?
-8
Let v(r) be the second derivative of r**5/20 - 5*r**4/12 + r**3/2 - 2*r**2 - r - 49. Calculate v(3).
-13
Let y(h) = -h - 3. Suppose -4*t + n + 17 = 0, 10*t - 7*t = -5*n - 16. What is y(t)?
-6
Suppose -1 + 7 = 2*h. Suppose h*j = 2 + 4. Let w(b) = -b**3 - b**2 + 2*b + 1. Give w(j).
-7
Suppose 6*g - 204 = 162. Let m = -56 + g. Let z(c) = -c**2 + 4*c + 1. What is z(m)?
-4
Let g(z) = -2*z - 1064 + 532 + 533. Calculate g(-1).
3
Let h(r) = 644 + 7*r**2 - 630 + r + r**3 + 0*r. What is h(-7)?
7
Let g(u) = u**3 - 11*u**2 - u + 16. Let n be g(11). Let f = n - 7. Let y(i) = -i**3 - i**2 - 2. What is y(f)?
2
Let h(n) = 1. Let b(v) = 6. Let u(o) = b(o) - 5*h(o). Let c = -8 - -14. Let d(z) = 6*z - 6. Let t(y) = c*u(y) + d(y). Calculate t(2).
12
Let q = -31 - -38. Let y be (2/7)/(1/q). Let v(w) = 3*w + 2 + w**y + w - 3*w. Determine v(-3).
8
Let a(r) = -r**3 - 16*r**2 + 14*r + 15. Let f(k) = -3*k**3 - 48*k**2 + 43*k + 45. Let i(u) = 11*a(u) - 4*f(u). Give i(-17).
2
Suppose -4 = -2*m + m. Let l(k) = 2*k + 2. Let o(z) = 9*z + 10. Let y(h) = 5*l(h) - o(h). Determine y(m).
4
Let b be -4 + -1*10*-1. Let g be (9/b)/((-4)/(-40)). Suppose -g = 5*x, -4*x = -8*y + 3*y + 17. Let a(i) = -5*i - 1. Determine a(y).
-6
Let i(h) = -16*h**3 - 6*h**2 - 14*h - 14. Let c(m) = 21*m**3 + 5*m**2 + 15*m + 15. Let o(d) = -3*c(d) - 4*i(d). Give o(-8).
-13
Let v(y) = -y**2 + 8*y + 4. Let l be 7/((-2 - -1)*(-7)/7). Calculate v(l).
11
Let w(d) = 12 - 3*d + 11 + 14 - 40. Let x be w(0). Let o(s) = -s + 1. Let r(q) = -5*q + 1. Let l(b) = -2*o(b) + r(b). Determine l(x).
8
Let g(i) = i - 3*i**2 - i**3 - 3*i + 1 + 2*i**3. Suppose 0 = -40*v + 33 + 127. What is g(v)?
9
Let l(v) = 6*v + 33. Let o be l(-5). Let w(n) = -5*n + 7. Determine w(o).
-8
Let r(i) = 4*i + 11. Let c be r(-2). Let j(w) = -4*w + 0*w + 6*w - 6 + c*w. Determine j(5).
19
Let r(l) = 3*l - 1. Suppose -u - 6 = -10. Suppose -p + 4 = i, -2*i + 6 + 8 = -u*p. What is r(p)?
-4
Suppose 13 = 4*m - 559. Let r(c) = -143 - c + m. Give r(-1).
1
Let g(p) = -p**2 + 11. Let d(i) = -i - 1. Let q(t) = 4*d(t) + g(t). What is q(-7)?
-14
Let x(o) = -5*o**2 + 7*o - 5. Let g(a) = -11*a**2 + 15*a - 11. Let l(i) = 6*g(i) - 13*x(i). Let b(v) = -2*v**2 + 3. Let p(k) = b(k) - l(k). Calculate p(3).
-2
Let g(l) be the second derivative of -l**3/6 - 4*l**2 - 34*l. Suppose 0 = -0*k + 4*k + 28. Calculate g(k).
-1
Let g = 716 + -717. Let v(y) = 8*y**3 - y**2 + 4*y + 3. Let l(u) = -39*u**3 + 6*u**2 - 21*u - 16. Let j(h) = -2*l(h) - 11*v(h). Calculate j(g).
10
Let n be (-19)/(-2*2/4). Let r(d) = -4*d + 81. What is r(n)?
5
Let i(l) = 2*l**2 + 2*l + 2. Suppose s - 6*s - 7 = r, 5*s - r = -3. Give i(s).
2
Let c(w) = w**3 - 8*w**2 + 3*w - 21. Let b be c(8). Let t(k) = k**2 + k - 4. What is t(b)?
8
Suppose 0 = -21*i + 17*i + 20. Let u(q) = 1 - 4*q**2 + 42*q - i*q**3 + 4*q**3 - 35*q. Give u(-5).
-9
Let x = 103 + -100. Let n(i) = 3*i**x + 21*i**3 + i**3. Determine n(1).
25
Let b(j) = 4 + 55*j - 46*j - 1. Determine b(5).
48
Suppose -28 = 9*s + 5*s. Let r(t) = 3*t**2 + t - 2. Give r(s).
8
Suppose 2*k = -5*b + 15, -3 + 18 = -5*k - 2*b. Let i(r) be the second derivative of r**4/12 + 4*r**3/3 + 7*r**2/2 + r. What is i(k)?
-8
Suppose -3*o + 29 = -x - 3*x, -22 = o + 5*x. Let l(h) be the second derivative of -h + 1/2*h**2 + 1/2*h**3 + 0. What is l(o)?
10
Let t be (-23)/(-5) + 30/(-50). Suppose -4*j - 5*k - 3 = 0, -8*j + 3*j - t*k - 6 = 0. Let z(b) be the first derivative of b**3/3 + b + 1. Give z(j).
5
Let z(c) = 6*c**2 + c - 1. Let k(j) = j**2 + j - 1. Suppose 4*g = -2*g + 6. Let q(u) = g*z(u) - k(u). Determine q(1).
5
Let s = 0 + -1. Let i = 3 - s. Let l(o) = 3*o - i*o**2 + 10*o**2 - 7*o**2 + 4. Calculate l(4).
0
Let w(n) = 27 + 2*n**2 - n**2 + 11*n + 26 - 68. Calculate w(-12).
-3
Let k = -195 - -194. Let f(j) = -16*j**2 - 6*j - 5. Let x(n) = -47*n**2 - 17*n - 14. Let h be 2/10 + (-57)/(-15). Let p(z) = h*x(z) - 11*f(z). Give p(k).
-11
Let o(y) be the second derivative of -y**3/6 - y**2 - 11*y. Suppose 6*u - 18 + 6 = 0. Calculate o(u).
-4
Suppose 5*f - 2 = -12. Let s(c) be the second derivative of -c**5/20 + c**3/2 + c**2 + 10*c. Determine s(f).
4
Suppose -5 - 20 = -5*k. Let m be k + (3 - (7 + -3)). Let f be (0 - 0/m) + 4. Let r(h) = h**2 - 3. Calculate r(f).
13
Let i(j) be the first derivative of j**3/3 + 3*j**2 + 10*j - 51. Determine i(-9).
37
Let k(c) be the third derivative of -c**4/8 - 41*c**3/6 + 10*c**2 + 5. What is k(-10)?
-11
Let y(s) = s**2 - 8*s + 7. Let l be y(6). Let k(n) = 2*n + 11. Let a be k(l). Let w(h) = -3*h + 1 - 2 + 1. Calculate w(a).
-3
Let w(c) be the first derivative of -c**4/4 - c**3 + 2*c**2 - 4*c - 120. Determine w(-4).
-4
Let g(n) be the first derivative of -n**4/4 - 2*n**3/3 - n**2 + 4*n - 19. What is g(-3)?
19
Let h(j) = 9*j**3 + j**2 - 3*j - 3. Let x be h(-2). Let n = -67 - x. Let m(c) = 7*c + 3. Give m(n).
-11
Let c be (-18)/15*45/(-6). Let k be (c/6)/(3/6). Let i(b) = b**k + b + 3 - 5*b**2 - 1 + 2*b - 6. Determine i(4).
-8
Let m(y) = y. Let t(i) = -6*i - 3. Let x(w) = -5*m(w) - t(w). Let k = 112 - 109. Determine x(k).
6
Let v(h) be the second derivative of h**3/6 - h**2/2 - 3*h. Let o be 10/(-65) + (-335)/(-65). Determine v(o).
4
Let c(z) = z - 4. Let g = -473 + 481. Calculate c(g).
4
Let h(l) = -2*l + 2. Let o(z) = -3*z + 2. Let s(x) = -4*h(x) + 3*o(x). Suppose -4*r - 3*f + 51 = 0, 4*r + 0*f + f - 57 = 0. Let c = -18 + r. What is s(c)?
1
Let c(o) = o**3 - 13*o**2 - 2*o + 28. Let i be c(13). Suppose -5*m - 3*q + 57 = 0, 4 = i*m - q - 10. Let j(z) = z - 19. What is j(m)?
-10
Suppose 0 = -4*a + 3*f - 7, 3*f = 5*a - 2*f + 15. Let l(s) = 4*s**3 - 4*s**2 + 4*s - 1. Let m(q) = -1. Let g(y) = -l(y) - 2*m(y). Determine g(a).
-21
Let l be 4/(-5) - 272/85. Let z(b) = b**3 + 4*b**2 - 5*b. Calculate z(l).
20
Let s(h) = -2*h - 2. Let m(w) be the thi